 when 98 is divided by 28?
14
What is the remainder when 276 is divided by 61?
32
What is the remainder when 349 is divided by 16?
13
What is the remainder when 492 is divided by 19?
17
Calculate the remainder when 998 is divided by 77.
74
What is the remainder when 2079 is divided by 685?
24
What is the remainder when 369 is divided by 66?
39
Calculate the remainder when 568 is divided by 57.
55
What is the remainder when 204 is divided by 26?
22
Calculate the remainder when 109 is divided by 38.
33
What is the remainder when 4139 is divided by 46?
45
What is the remainder when 1307 is divided by 131?
128
What is the remainder when 878 is divided by 124?
10
Calculate the remainder when 282 is divided by 11.
7
What is the remainder when 80 is divided by 29?
22
Calculate the remainder when 893 is divided by 32.
29
Calculate the remainder when 9973 is divided by 19.
17
Calculate the remainder when 366 is divided by 27.
15
What is the remainder when 493 is divided by 115?
33
Calculate the remainder when 1246 is divided by 139.
134
Calculate the remainder when 620 is divided by 89.
86
Calculate the remainder when 1888 is divided by 628.
4
What is the remainder when 187 is divided by 37?
2
Calculate the remainder when 472 is divided by 24.
16
What is the remainder when 89 is divided by 46?
43
What is the remainder when 152 is divided by 17?
16
What is the remainder when 310 is divided by 76?
6
What is the remainder when 284 is divided by 28?
4
Calculate the remainder when 195 is divided by 45.
15
What is the remainder when 598 is divided by 88?
70
What is the remainder when 1232 is divided by 225?
107
Calculate the remainder when 673 is divided by 85.
78
What is the remainder when 342 is divided by 22?
12
What is the remainder when 633 is divided by 105?
3
Calculate the remainder when 2356 is divided by 3.
1
Calculate the remainder when 3058 is divided by 56.
34
What is the remainder when 87 is divided by 23?
18
Calculate the remainder when 25 is divided by 7.
4
What is the remainder when 121 is divided by 66?
55
Calculate the remainder when 2446 is divided by 102.
100
Calculate the remainder when 12466 is divided by 91.
90
Calculate the remainder when 385 is divided by 7.
0
What is the remainder when 767 is divided by 18?
11
Calculate the remainder when 120 is divided by 28.
8
What is the remainder when 111 is divided by 7?
6
What is the remainder when 1628 is divided by 5?
3
Calculate the remainder when 305 is divided by 127.
51
What is the remainder when 3070 is divided by 3059?
11
Calculate the remainder when 664 is divided by 26.
14
What is the remainder when 72 is divided by 11?
6
Calculate the remainder when 467 is divided by 12.
11
What is the remainder when 6011 is divided by 19?
7
What is the remainder when 1328 is divided by 142?
50
Calculate the remainder when 114 is divided by 32.
18
Calculate the remainder when 44 is divided by 12.
8
What is the remainder when 306 is divided by 22?
20
Calculate the remainder when 2354 is divided by 476.
450
Calculate the remainder when 79 is divided by 44.
35
Calculate the remainder when 599 is divided by 20.
19
What is the remainder when 197 is divided by 82?
33
What is the remainder when 283 is divided by 80?
43
What is the remainder when 18101 is divided by 85?
81
Calculate the remainder when 32 is divided by 6.
2
What is the remainder when 312 is divided by 12?
0
What is the remainder when 43 is divided by 4?
3
Calculate the remainder when 2778 is divided by 154.
6
What is the remainder when 113 is divided by 19?
18
What is the remainder when 254 is divided by 26?
20
What is the remainder when 1262 is divided by 87?
44
Calculate the remainder when 176 is divided by 21.
8
What is the remainder when 243 is divided by 13?
9
What is the remainder when 228 is divided by 21?
18
What is the remainder when 1363 is divided by 9?
4
Calculate the remainder when 879 is divided by 98.
95
What is the remainder when 86 is divided by 34?
18
What is the remainder when 454 is divided by 247?
207
Calculate the remainder when 261 is divided by 70.
51
Calculate the remainder when 1096 is divided by 122.
120
Calculate the remainder when 125 is divided by 108.
17
What is the remainder when 749 is divided by 47?
44
Calculate the remainder when 184 is divided by 31.
29
What is the remainder when 7972 is divided by 25?
22
What is the remainder when 49 is divided by 27?
22
Calculate the remainder when 2040 is divided by 89.
82
What is the remainder when 41 is divided by 22?
19
Calculate the remainder when 1219 is divided by 61.
60
Calculate the remainder when 778 is divided by 770.
8
What is the remainder when 1018 is divided by 51?
49
What is the remainder when 8029 is divided by 29?
25
What is the remainder when 1114 is divided by 19?
12
What is the remainder when 718 is divided by 714?
4
Calculate the remainder when 418 is divided by 107.
97
What is the remainder when 216 is divided by 20?
16
What is the remainder when 6208 is divided by 207?
205
What is the remainder when 972 is divided by 123?
111
What is the remainder when 8156 is divided by 17?
13
What is the remainder when 397 is divided by 40?
37
Calculate the remainder when 869 is divided by 42.
29
What is the remainder when 179 is divided by 47?
38
What is the remainder when 556 is divided by 141?
133
Calculate the remainder when 69 is divided by 37.
32
What is the remainder when 1480 is divided by 62?
54
What is the remainder when 497 is divided by 18?
11
What is the remainder when 146 is divided by 9?
2
What is the remainder when 382 is divided by 130?
122
Calculate the remainder when 3097 is divided by 1543.
11
What is the remainder when 2320 is divided by 27?
25
What is the remainder when 44 is divided by 17?
10
What is the remainder when 2911 is divided by 34?
21
What is the remainder when 8732 is divided by 123?
122
Calculate the remainder when 177 is divided by 75.
27
What is the remainder when 196 is divided by 182?
14
What is the remainder when 663 is divided by 67?
60
What is the remainder when 138 is divided by 23?
0
What is the remainder when 683 is divided by 261?
161
What is the remainder when 567 is divided by 48?
39
What is the remainder when 30782 is divided by 47?
44
Calculate the remainder when 167 is divided by 49.
20
Calculate the remainder when 155 is divided by 20.
15
Calculate the remainder when 133 is divided by 60.
13
Calculate the remainder when 181 is divided by 14.
13
What is the remainder when 82 is divided by 15?
7
Calculate the remainder when 208 is divided by 60.
28
What is the remainder when 3892 is divided by 33?
31
What is the remainder when 133 is divided by 36?
25
What is the remainder when 713 is divided by 354?
5
Calculate the remainder when 2656 is divided by 295.
1
What is the remainder when 52 is divided by 20?
12
What is the remainder when 1489 is divided by 184?
17
Calculate the remainder when 312 is divided by 99.
15
Calculate the remainder when 411 is divided by 29.
5
What is the remainder when 50157 is divided by 11?
8
Calculate the remainder when 222 is divided by 71.
9
Calculate the remainder when 86 is divided by 33.
20
Calculate the remainder when 393 is divided by 33.
30
What is the remainder when 734 is divided by 35?
34
Calculate the remainder when 1375 is divided by 272.
15
What is the remainder when 1290 is divided by 44?
14
What is the remainder when 140 is divided by 47?
46
Calculate the remainder when 516 is divided by 37.
35
What is the remainder when 47 is divided by 2?
1
Calculate the remainder when 140 is divided by 61.
18
Calculate the remainder when 214 is divided by 55.
49
What is the remainder when 109 is divided by 17?
7
Calculate the remainder when 71 is divided by 12.
11
Calculate the remainder when 79 is divided by 9.
7
What is the remainder when 82854 is divided by 73?
72
Calculate the remainder when 117 is divided by 62.
55
Calculate the remainder when 185 is divided by 41.
21
Calculate the remainder when 134 is divided by 18.
8
What is the remainder when 1017 is divided by 68?
65
What is the remainder when 768 is divided by 22?
20
What is the remainder when 129 is divided by 69?
60
What is the remainder when 107 is divided by 38?
31
What is the remainder when 124 is divided by 60?
4
W